{"id":7337,"date":"2022-09-15T17:02:32","date_gmt":"2022-09-15T15:02:32","guid":{"rendered":"https:\/\/webouwen.com\/vacature\/obkladac\/"},"modified":"2026-04-30T11:13:04","modified_gmt":"2026-04-30T09:13:04","slug":"obkladac","status":"publish","type":"job_listing","link":"https:\/\/webouwen.com\/sk\/vacature\/obkladac\/","title":{"rendered":"Obklada\u010d"},"content":{"rendered":"<p><strong>Si obklada\u010d, ktor\u00e9ho h\u013ead\u00e1me? H\u013ead\u00e1me obklada\u010dov, ktor\u00ed maj\u00fa technick\u00e9 aj priestorov\u00e9 myslenie a dok\u00e1\u017eu pracova\u0165 samostatne a presne. Rozumie\u0161 v\u0161etk\u00fdm pr\u00e1cam s obkladmi v k\u00fape\u013eni, kuchyni a toalete? M\u00e1\u0161 sk\u00fasenosti so \u0161k\u00e1rovan\u00edm a lepen\u00edm obkladov na steny aj podlahy? Potom h\u013ead\u00e1me pr\u00e1ve teba! <\/strong><\/p>\n<p>Ako obklada\u010d m\u00e1\u0161 dobr\u00e9 komunika\u010dn\u00e9 schopnosti a r\u00e1d komunikuje\u0161 s kolegami aj objedn\u00e1vate\u013eom. Pokl\u00e1dka podlahov\u00fdch dla\u017ed\u00edc je pre teba samozrejmos\u0165ou, rovnako ako mont\u00e1\u017e sanit\u00e1rneho vybavenia a drobn\u00e9 in\u0161tala\u010dn\u00e9 pr\u00e1ce. Neboj\u00ed\u0161 sa poradi\u0165 z\u00e1kazn\u00edkovi a v\u017edy h\u013ead\u00e1\u0161 najlep\u0161ie rie\u0161enie.<\/p>\n<h3>\u010co bude\u0161 robi\u0165<\/h3>\n<p>V tejto poz\u00edcii sa bude\u0161 venova\u0165 \u00fadr\u017ebe a rekon\u0161trukcii star\u0161\u00edch k\u00fape\u013en\u00ed, kuch\u00fd\u0148 a toaliet, ako aj pokl\u00e1dke obkladov v novostavb\u00e1ch. Bude\u0161 pracova\u0165 s podlahov\u00fdmi aj stenov\u00fdmi dla\u017edicami a v\u010faka svojim sk\u00fasenostiam zvl\u00e1dne\u0161 aj men\u0161ie stavebn\u00e9 pr\u00e1ce. Okrem obkladania sa podie\u013ea\u0161 aj na zabezpe\u010den\u00ed materi\u00e1lu na pracovisku. Z\u00e1rove\u0148 komunikuje\u0161 s ostatn\u00fdmi \u00fa\u010dastn\u00edkmi projektu. C\u00edti\u0161 zodpovednos\u0165 za materi\u00e1l aj za kvalitu odvedenej pr\u00e1ce.<\/p>\n<h3>Kto si ty<\/h3>\n<ul>\n<li>Vie\u0161 sa pusti\u0165 do pr\u00e1ce a ide\u00e1lne m\u00e1\u0161 aspo\u0148 2 roky sk\u00fasenost\u00ed s obkladan\u00edm.<\/li>\n<li>M\u00e1\u0161 menej ako 2 roky sk\u00fasenost\u00ed? Ak si motivovan\u00fd u\u010di\u0165 sa a prejavuje\u0161 iniciat\u00edvu, radi ti d\u00e1me pr\u00edle\u017eitos\u0165 na rozvoj.<\/li>\n<li>Je spreekt minimaal een van deze talen: Engels, Duits, Pools, Roemeens of Litouws.<\/li>\n<li>Si pripraven\u00fd dodr\u017eiava\u0165 bezpe\u010dnostn\u00e9, hygienick\u00e9 a environment\u00e1lne predpisy na pracovisku.<\/li>\n<\/ul>\n<h3>\u010co ti pon\u00fakame<\/h3>\n<p>Okrem dobrej pracovnej atmosf\u00e9ry ti pon\u00fakame:<\/p>\n<ul>\n<li>R\u00f4znorod\u00fa pr\u00e1cu v oblasti obkladania<\/li>\n<li>Kontaktn\u00fa osobu, ktor\u00e1 plynule hovor\u00ed tvoj\u00edm jazykom.<\/li>\n<li>Dlhodob\u00fa spolupr\u00e1cu s t\u00fd\u017edenn\u00fdmi v\u00fdplatami, aby si mal istotu pravideln\u00e9ho pr\u00edjmu.<\/li>\n<li>Pohodln\u00e9 ubytovanie a dopravu medzi miestom b\u00fdvania a pracoviskom.<\/li>\n<li>Pracovn\u00e9 oble\u010denie.<\/li>\n<li>Mo\u017enosti \u010fal\u0161ieho rozvoja v odbore a z\u00edskania certifik\u00e1tov, ako je napr\u00edklad VCA, ak ich e\u0161te nem\u00e1\u0161.<\/li>\n<\/ul>\n","protected":false},"author":7,"featured_media":0,"template":"","meta":{"_acf_changed":false,"_coblocks_attr":"","_coblocks_dimensions":"","_coblocks_responsive_height":"","_coblocks_accordion_ie_support":"","inline_featured_image":false,"_promoted":"","_job_location":"Holandsko","_application":"info@webouwen.com","_company_name":"","_company_website":"","_company_tagline":"","_company_twitter":"","_company_video":"","_filled":0,"_featured":0,"_remote_position":0,"_job_salary":"550 - 850","_job_salary_currency":"","_job_salary_unit":""},"job-types":[109],"class_list":{"0":"post-7337","1":"job_listing","2":"type-job_listing","3":"status-publish","4":"hentry","6":"job-type-32-az-40-hodin"},"acf":[],"yoast_head":"<!-- This site is optimized with the Yoast SEO plugin v27.5 - https:\/\/yoast.com\/product\/yoast-seo-wordpress\/ -->\n<title>Pracovn\u00e1 ponuka Obklada\u010d - WE Bouwen<\/title>\n<meta name=\"description\" content=\"Si obklada\u010d, ktor\u00e9ho h\u013ead\u00e1me? M\u00e1\u0161 sk\u00fasenosti s obkladmi v k\u00fape\u013eni, kuchyni a toalete? Pridaj sa k WE Bouwen a za\u010dni pracova\u0165 v Holandsku.\" \/>\n<meta name=\"robots\" content=\"index, follow, max-snippet:-1, max-image-preview:large, max-video-preview:-1\" \/>\n<link rel=\"canonical\" href=\"https:\/\/webouwen.com\/sk\/vacature\/obkladac\/\" \/>\n<meta property=\"og:locale\" content=\"sk_SK\" \/>\n<meta property=\"og:type\" content=\"article\" \/>\n<meta property=\"og:title\" content=\"Pracovn\u00e1 ponuka Obklada\u010d - WE Bouwen\" \/>\n<meta property=\"og:description\" content=\"Si obklada\u010d, ktor\u00e9ho h\u013ead\u00e1me? M\u00e1\u0161 sk\u00fasenosti s obkladmi v k\u00fape\u013eni, kuchyni a toalete? Pridaj sa k WE Bouwen a za\u010dni pracova\u0165 v Holandsku.\" \/>\n<meta property=\"og:url\" content=\"https:\/\/webouwen.com\/sk\/vacature\/obkladac\/\" \/>\n<meta property=\"og:site_name\" content=\"WE Bouwen\" \/>\n<meta property=\"article:publisher\" content=\"https:\/\/www.facebook.com\/webouwensamenmetjou\" \/>\n<meta property=\"article:modified_time\" content=\"2026-04-30T09:13:04+00:00\" \/>\n<meta name=\"twitter:card\" content=\"summary_large_image\" \/>\n<meta name=\"twitter:label1\" content=\"Predpokladan\u00fd \u010das \u010d\u00edtania\" \/>\n\t<meta name=\"twitter:data1\" content=\"2 min\u00faty\" \/>\n<script type=\"application\/ld+json\" class=\"yoast-schema-graph\">{\"@context\":\"https:\\\/\\\/schema.org\",\"@graph\":[{\"@type\":\"WebPage\",\"@id\":\"https:\\\/\\\/webouwen.com\\\/sk\\\/vacature\\\/obkladac\\\/\",\"url\":\"https:\\\/\\\/webouwen.com\\\/sk\\\/vacature\\\/obkladac\\\/\",\"name\":\"Pracovn\u00e1 ponuka Obklada\u010d - WE Bouwen\",\"isPartOf\":{\"@id\":\"https:\\\/\\\/webouwen.com\\\/#website\"},\"datePublished\":\"2022-09-15T15:02:32+00:00\",\"dateModified\":\"2026-04-30T09:13:04+00:00\",\"description\":\"Si obklada\u010d, ktor\u00e9ho h\u013ead\u00e1me? M\u00e1\u0161 sk\u00fasenosti s obkladmi v k\u00fape\u013eni, kuchyni a toalete? Pridaj sa k WE Bouwen a za\u010dni pracova\u0165 v Holandsku.\",\"breadcrumb\":{\"@id\":\"https:\\\/\\\/webouwen.com\\\/sk\\\/vacature\\\/obkladac\\\/#breadcrumb\"},\"inLanguage\":\"sk-SK\",\"potentialAction\":[{\"@type\":\"ReadAction\",\"target\":[\"https:\\\/\\\/webouwen.com\\\/sk\\\/vacature\\\/obkladac\\\/\"]}]},{\"@type\":\"BreadcrumbList\",\"@id\":\"https:\\\/\\\/webouwen.com\\\/sk\\\/vacature\\\/obkladac\\\/#breadcrumb\",\"itemListElement\":[{\"@type\":\"ListItem\",\"position\":1,\"name\":\"Home\",\"item\":\"https:\\\/\\\/webouwen.com\\\/sk\\\/\"},{\"@type\":\"ListItem\",\"position\":2,\"name\":\"Obklada\u010d\"}]},{\"@type\":\"WebSite\",\"@id\":\"https:\\\/\\\/webouwen.com\\\/#website\",\"url\":\"https:\\\/\\\/webouwen.com\\\/\",\"name\":\"WE Bouwen\",\"description\":\"Samen met jou\",\"publisher\":{\"@id\":\"https:\\\/\\\/webouwen.com\\\/#organization\"},\"potentialAction\":[{\"@type\":\"SearchAction\",\"target\":{\"@type\":\"EntryPoint\",\"urlTemplate\":\"https:\\\/\\\/webouwen.com\\\/?s={search_term_string}\"},\"query-input\":{\"@type\":\"PropertyValueSpecification\",\"valueRequired\":true,\"valueName\":\"search_term_string\"}}],\"inLanguage\":\"sk-SK\"},{\"@type\":\"Organization\",\"@id\":\"https:\\\/\\\/webouwen.com\\\/#organization\",\"name\":\"WE Bouwen\",\"url\":\"https:\\\/\\\/webouwen.com\\\/\",\"logo\":{\"@type\":\"ImageObject\",\"inLanguage\":\"sk-SK\",\"@id\":\"https:\\\/\\\/webouwen.com\\\/#\\\/schema\\\/logo\\\/image\\\/\",\"url\":\"https:\\\/\\\/webouwen.com\\\/wp-content\\\/uploads\\\/2022\\\/09\\\/logo-we-bouwen.png\",\"contentUrl\":\"https:\\\/\\\/webouwen.com\\\/wp-content\\\/uploads\\\/2022\\\/09\\\/logo-we-bouwen.png\",\"width\":1000,\"height\":376,\"caption\":\"WE Bouwen\"},\"image\":{\"@id\":\"https:\\\/\\\/webouwen.com\\\/#\\\/schema\\\/logo\\\/image\\\/\"},\"sameAs\":[\"https:\\\/\\\/www.facebook.com\\\/webouwensamenmetjou\",\"https:\\\/\\\/www.linkedin.com\\\/company\\\/we-bouwen\\\/\"]}]}<\/script>\n<!-- \/ Yoast SEO plugin. -->","yoast_head_json":{"title":"Pracovn\u00e1 ponuka Obklada\u010d - WE Bouwen","description":"Si obklada\u010d, ktor\u00e9ho h\u013ead\u00e1me? M\u00e1\u0161 sk\u00fasenosti s obkladmi v k\u00fape\u013eni, kuchyni a toalete? Pridaj sa k WE Bouwen a za\u010dni pracova\u0165 v Holandsku.","robots":{"index":"index","follow":"follow","max-snippet":"max-snippet:-1","max-image-preview":"max-image-preview:large","max-video-preview":"max-video-preview:-1"},"canonical":"https:\/\/webouwen.com\/sk\/vacature\/obkladac\/","og_locale":"sk_SK","og_type":"article","og_title":"Pracovn\u00e1 ponuka Obklada\u010d - WE Bouwen","og_description":"Si obklada\u010d, ktor\u00e9ho h\u013ead\u00e1me? M\u00e1\u0161 sk\u00fasenosti s obkladmi v k\u00fape\u013eni, kuchyni a toalete? Pridaj sa k WE Bouwen a za\u010dni pracova\u0165 v Holandsku.","og_url":"https:\/\/webouwen.com\/sk\/vacature\/obkladac\/","og_site_name":"WE Bouwen","article_publisher":"https:\/\/www.facebook.com\/webouwensamenmetjou","article_modified_time":"2026-04-30T09:13:04+00:00","twitter_card":"summary_large_image","twitter_misc":{"Predpokladan\u00fd \u010das \u010d\u00edtania":"2 min\u00faty"},"schema":{"@context":"https:\/\/schema.org","@graph":[{"@type":"WebPage","@id":"https:\/\/webouwen.com\/sk\/vacature\/obkladac\/","url":"https:\/\/webouwen.com\/sk\/vacature\/obkladac\/","name":"Pracovn\u00e1 ponuka Obklada\u010d - WE Bouwen","isPartOf":{"@id":"https:\/\/webouwen.com\/#website"},"datePublished":"2022-09-15T15:02:32+00:00","dateModified":"2026-04-30T09:13:04+00:00","description":"Si obklada\u010d, ktor\u00e9ho h\u013ead\u00e1me? M\u00e1\u0161 sk\u00fasenosti s obkladmi v k\u00fape\u013eni, kuchyni a toalete? Pridaj sa k WE Bouwen a za\u010dni pracova\u0165 v Holandsku.","breadcrumb":{"@id":"https:\/\/webouwen.com\/sk\/vacature\/obkladac\/#breadcrumb"},"inLanguage":"sk-SK","potentialAction":[{"@type":"ReadAction","target":["https:\/\/webouwen.com\/sk\/vacature\/obkladac\/"]}]},{"@type":"BreadcrumbList","@id":"https:\/\/webouwen.com\/sk\/vacature\/obkladac\/#breadcrumb","itemListElement":[{"@type":"ListItem","position":1,"name":"Home","item":"https:\/\/webouwen.com\/sk\/"},{"@type":"ListItem","position":2,"name":"Obklada\u010d"}]},{"@type":"WebSite","@id":"https:\/\/webouwen.com\/#website","url":"https:\/\/webouwen.com\/","name":"WE Bouwen","description":"Samen met jou","publisher":{"@id":"https:\/\/webouwen.com\/#organization"},"potentialAction":[{"@type":"SearchAction","target":{"@type":"EntryPoint","urlTemplate":"https:\/\/webouwen.com\/?s={search_term_string}"},"query-input":{"@type":"PropertyValueSpecification","valueRequired":true,"valueName":"search_term_string"}}],"inLanguage":"sk-SK"},{"@type":"Organization","@id":"https:\/\/webouwen.com\/#organization","name":"WE Bouwen","url":"https:\/\/webouwen.com\/","logo":{"@type":"ImageObject","inLanguage":"sk-SK","@id":"https:\/\/webouwen.com\/#\/schema\/logo\/image\/","url":"https:\/\/webouwen.com\/wp-content\/uploads\/2022\/09\/logo-we-bouwen.png","contentUrl":"https:\/\/webouwen.com\/wp-content\/uploads\/2022\/09\/logo-we-bouwen.png","width":1000,"height":376,"caption":"WE Bouwen"},"image":{"@id":"https:\/\/webouwen.com\/#\/schema\/logo\/image\/"},"sameAs":["https:\/\/www.facebook.com\/webouwensamenmetjou","https:\/\/www.linkedin.com\/company\/we-bouwen\/"]}]}},"_links":{"self":[{"href":"https:\/\/webouwen.com\/sk\/wp-json\/wp\/v2\/job-listings\/7337","targetHints":{"allow":["GET"]}}],"collection":[{"href":"https:\/\/webouwen.com\/sk\/wp-json\/wp\/v2\/job-listings"}],"about":[{"href":"https:\/\/webouwen.com\/sk\/wp-json\/wp\/v2\/types\/job_listing"}],"author":[{"embeddable":true,"href":"https:\/\/webouwen.com\/sk\/wp-json\/wp\/v2\/users\/7"}],"wp:attachment":[{"href":"https:\/\/webouwen.com\/sk\/wp-json\/wp\/v2\/media?parent=7337"}],"wp:term":[{"taxonomy":"job_listing_type","embeddable":true,"href":"https:\/\/webouwen.com\/sk\/wp-json\/wp\/v2\/job-types?post=7337"}],"curies":[{"name":"wp","href":"https:\/\/api.w.org\/{rel}","templated":true}]}}

Obkladač

<p><strong>Si obkladač, ktorého hľadáme? Hľadáme obkladačov, ktorí majú technické aj priestorové myslenie a dokážu pracovať samostatne a presne. Rozumieš všetkým prácam s obkladmi v kúpeľni, kuchyni a toalete? Máš skúsenosti so škárovaním a lepením obkladov na steny aj podlahy? Potom hľadáme práve teba! </strong></p>
<p>Ako obkladač máš dobré komunikačné schopnosti a rád komunikuješ s kolegami aj objednávateľom. Pokládka podlahových dlaždíc je pre teba samozrejmosťou, rovnako ako montáž sanitárneho vybavenia a drobné inštalačné práce. Nebojíš sa poradiť zákazníkovi a vždy hľadáš najlepšie riešenie.</p>
<h3>Čo budeš robiť</h3>
<p>V tejto pozícii sa budeš venovať údržbe a rekonštrukcii starších kúpeľní, kuchýň a toaliet, ako aj pokládke obkladov v novostavbách. Budeš pracovať s podlahovými aj stenovými dlaždicami a vďaka svojim skúsenostiam zvládneš aj menšie stavebné práce. Okrem obkladania sa podieľaš aj na zabezpečení materiálu na pracovisku. Zároveň komunikuješ s ostatnými účastníkmi projektu. Cítiš zodpovednosť za materiál aj za kvalitu odvedenej práce.</p>
<h3>Kto si ty</h3>
<ul>
<li>Vieš sa pustiť do práce a ideálne máš aspoň 2 roky skúseností s obkladaním.</li>
<li>Máš menej ako 2 roky skúseností? Ak si motivovaný učiť sa a prejavuješ iniciatívu, radi ti dáme príležitosť na rozvoj.</li>
<li>Je spreekt minimaal een van deze talen: Engels, Duits, Pools, Roemeens of Litouws.</li>
<li>Si pripravený dodržiavať bezpečnostné, hygienické a environmentálne predpisy na pracovisku.</li>
</ul>
<h3>Čo ti ponúkame</h3>
<p>Okrem dobrej pracovnej atmosféry ti ponúkame:</p>
<ul>
<li>Rôznorodú prácu v oblasti obkladania</li>
<li>Kontaktnú osobu, ktorá plynule hovorí tvojím jazykom.</li>
<li>Dlhodobú spoluprácu s týždennými výplatami, aby si mal istotu pravidelného príjmu.</li>
<li>Pohodlné ubytovanie a dopravu medzi miestom bývania a pracoviskom.</li>
<li>Pracovné oblečenie.</li>
<li>Možnosti ďalšieho rozvoja v odbore a získania certifikátov, ako je napríklad VCA, ak ich ešte nemáš.</li>
</ul>

<!-- This site is optimized with the Yoast SEO plugin v27.5 - https://yoast.com/product/yoast-seo-wordpress/ -->
<title>Pracovná ponuka Obkladač - WE Bouwen</title>
<meta name="description" content="Si obkladač, ktorého hľadáme? Máš skúsenosti s obkladmi v kúpeľni, kuchyni a toalete? Pridaj sa k WE Bouwen a začni pracovať v Holandsku." />
<meta name="robots" content="index, follow, max-snippet:-1, max-image-preview:large, max-video-preview:-1" />
<link rel="canonical" href="https://webouwen.com/sk/vacature/obkladac/" />
<meta property="og:locale" content="sk_SK" />
<meta property="og:type" content="article" />
<meta property="og:title" content="Pracovná ponuka Obkladač - WE Bouwen" />
<meta property="og:description" content="Si obkladač, ktorého hľadáme? Máš skúsenosti s obkladmi v kúpeľni, kuchyni a toalete? Pridaj sa k WE Bouwen a začni pracovať v Holandsku." />
<meta property="og:url" content="https://webouwen.com/sk/vacature/obkladac/" />
<meta property="og:site_name" content="WE Bouwen" />
<meta property="article:publisher" content="https://www.facebook.com/webouwensamenmetjou" />
<meta property="article:modified_time" content="2026-04-30T09:13:04+00:00" />
<meta name="twitter:card" content="summary_large_image" />
<meta name="twitter:label1" content="Predpokladaný čas čítania" />
	<meta name="twitter:data1" content="2 minúty" />
<script type="application/ld+json" class="yoast-schema-graph">{"@context":"https:\/\/schema.org","@graph":[{"@type":"WebPage","@id":"https:\/\/webouwen.com\/sk\/vacature\/obkladac\/","url":"https:\/\/webouwen.com\/sk\/vacature\/obkladac\/","name":"Pracovná ponuka Obkladač - WE Bouwen","isPartOf":{"@id":"https:\/\/webouwen.com\/#website"},"datePublished":"2022-09-15T15:02:32+00:00","dateModified":"2026-04-30T09:13:04+00:00","description":"Si obkladač, ktorého hľadáme? Máš skúsenosti s obkladmi v kúpeľni, kuchyni a toalete? Pridaj sa k WE Bouwen a začni pracovať v Holandsku.","breadcrumb":{"@id":"https:\/\/webouwen.com\/sk\/vacature\/obkladac\/#breadcrumb"},"inLanguage":"sk-SK","potentialAction":[{"@type":"ReadAction","target":["https:\/\/webouwen.com\/sk\/vacature\/obkladac\/"]}]},{"@type":"BreadcrumbList","@id":"https:\/\/webouwen.com\/sk\/vacature\/obkladac\/#breadcrumb","itemListElement":[{"@type":"ListItem","position":1,"name":"Home","item":"https:\/\/webouwen.com\/sk\/"},{"@type":"ListItem","position":2,"name":"Obkladač"}]},{"@type":"WebSite","@id":"https:\/\/webouwen.com\/#website","url":"https:\/\/webouwen.com\/","name":"WE Bouwen","description":"Samen met jou","publisher":{"@id":"https:\/\/webouwen.com\/#organization"},"potentialAction":[{"@type":"SearchAction","target":{"@type":"EntryPoint","urlTemplate":"https:\/\/webouwen.com\/?s={search_term_string}"},"query-input":{"@type":"PropertyValueSpecification","valueRequired":true,"valueName":"search_term_string"}}],"inLanguage":"sk-SK"},{"@type":"Organization","@id":"https:\/\/webouwen.com\/#organization","name":"WE Bouwen","url":"https:\/\/webouwen.com\/","logo":{"@type":"ImageObject","inLanguage":"sk-SK","@id":"https:\/\/webouwen.com\/#\/schema\/logo\/image\/","url":"https:\/\/webouwen.com\/wp-content\/uploads\/2022\/09\/logo-we-bouwen.png","contentUrl":"https:\/\/webouwen.com\/wp-content\/uploads\/2022\/09\/logo-we-bouwen.png","width":1000,"height":376,"caption":"WE Bouwen"},"image":{"@id":"https:\/\/webouwen.com\/#\/schema\/logo\/image\/"},"sameAs":["https:\/\/www.facebook.com\/webouwensamenmetjou","https:\/\/www.linkedin.com\/company\/we-bouwen\/"]}]}</script>
<!-- / Yoast SEO plugin. -->

Pracovná ponuka Obkladač - WE Bouwen

Si obkladač, ktorého hľadáme? Máš skúsenosti s obkladmi v kúpeľni, kuchyni a toalete? Pridaj sa k WE Bouwen a začni pracovať v Holandsku.

2 minúty
